{"id":551,"date":"2022-01-15T21:53:55","date_gmt":"2022-01-15T21:53:55","guid":{"rendered":"http:\/\/www.yiddishberlin.com\/?page_id=551"},"modified":"2022-01-15T21:53:56","modified_gmt":"2022-01-15T21:53:56","slug":"activites-grand-public-2019","status":"publish","type":"page","link":"https:\/\/www.yiddishberlin.com\/fr\/activites-grand-public-2019\/","title":{"rendered":"Activit\u00e9s grand public 2019"},"content":{"rendered":"\n<p class=\"has-background has-luminous-vivid-amber-background-color\">Cette Universit\u00e9 d&rsquo;\u00e9t\u00e9 est d\u00e9j\u00e0 pass\u00e9e.<\/p>\n\n\n\n<h2 class=\"wp-block-heading\">Conf\u00e9rences<\/h2>\n\n\n\n<p>FU-Berlin, H\u00f6rsaal A<br>Ihnestra\u00dfe 21<br>14195 Berlin<\/p>\n\n\n\n<ul class=\"wp-block-list\"><li><strong>13\/08<\/strong>, 15h45-16h45 : \u00a0Histoire du yiddish, par\u00a0Alec (Leyzer) Burko |\u00a0<strong>En anglais<\/strong>\u00a0|\u00a0renseignements et\u00a0billetterie<\/li><li><strong>15\/08<\/strong>, 16h00-17h00 : Le yiddish hassidique, langue du futur, par Alec (Leyzer) Burko |\u00a0<strong>En yiddish<\/strong>\u00a0|\u00a0renseignements\u00a0et\u00a0billetterie<\/li><li><strong>21\/08<\/strong>, 15h30-16h30 : Le concept de \u00ab culture \u00bb chez les artistes et les \u00e9crivains yiddish modernes, par Daria Vakhrushova |\u00a0<strong>En yiddish<\/strong>\u00a0|\u00a0renseignements\u00a0et\u00a0billetterie<\/li><li><strong>22\/08<\/strong>, 16h00-17h00 : Les motifs religieux dans la culture yiddish populaire, par Thomas Kleiner |\u00a0<strong>En allemand<\/strong>\u00a0|\u00a0renseignements\u00a0et\u00a0billetterie<\/li><li><strong>26\/08<\/strong>, 15h45-16h45 : Le yiddish de la Kabbale. Introduction \u00e0 la po\u00e9sie d\u2019Aharon Zeitlin, par Nathan Wolski |\u00a0<strong>En anglais\u00a0<\/strong>|\u00a0renseignements\u00a0et\u00a0billetterie<\/li><li><strong>29\/08<\/strong>, 16h00-17h00 : Curiosit\u00e9s de la presse yiddish, par Reyze Turner |\u00a0<strong>En yiddish<\/strong>\u00a0|\u00a0renseignements\u00a0et\u00a0billetterie<\/li><\/ul>\n\n\n\n<h2 class=\"wp-block-heading\">Concert<\/h2>\n\n\n\n<p>Buchbund<br>Sanderstra\u00dfe 8<br>12047 Berlin<\/p>\n\n\n\n<p><strong>L\u2019Errance dans le d\u00e9sert<\/strong>, avec Sharon Bar-Kochva, C\u00e9cile Neeser Hever et Reyze Turner<\/p>\n\n\n\n<p><strong>18\/08<\/strong>,\u00a0<strong>24\/08<\/strong>,\u00a0<strong>25\/08<\/strong>, 19:00-20:15<br>Adaptation filmique et musicale d\u2019une nouvelle de Y. L. Peretz. Avec Sharon Bar-Kochva (conception, narration et film), Reyze Turner (composition chorale et chant) et C\u00e9cile Neeser Hever (composition musicale et harpe). |\u00a0renseignements\u00a0et\u00a0billetterie<\/p>\n","protected":false},"excerpt":{"rendered":"<p>Cette Universit\u00e9 d&rsquo;\u00e9t\u00e9 est d\u00e9j\u00e0 pass\u00e9e. Conf\u00e9rences FU-Berlin, H\u00f6rsaal AIhnestra\u00dfe 2114195 Berlin 13\/08, 15h45-16h45 : \u00a0Histoire du yiddish, par\u00a0Alec (Leyzer) Burko |\u00a0En anglais\u00a0|\u00a0renseignements et\u00a0billetterie 15\/08, 16h00-17h00 : Le yiddish hassidique, langue du futur, par Alec (Leyzer) Burko |\u00a0En yiddish\u00a0|\u00a0renseignements\u00a0et\u00a0billetterie 21\/08, 15h30-16h30 : Le concept de \u00ab culture \u00bb chez les artistes et les \u00e9crivains yiddish &hellip; <\/p>\n<p class=\"link-more\"><a href=\"https:\/\/www.yiddishberlin.com\/fr\/activites-grand-public-2019\/\" class=\"more-link\">Continuer la lecture<span class=\"screen-reader-text\"> de &laquo;&nbsp;Activit\u00e9s grand public 2019&nbsp;&raquo;<\/span><\/a><\/p>\n","protected":false},"author":2,"featured_media":0,"parent":0,"menu_order":0,"comment_status":"closed","ping_status":"closed","template":"","meta":{"footnotes":""},"class_list":["post-551","page","type-page","status-publish","hentry"],"_links":{"self":[{"href":"https:\/\/www.yiddishberlin.com\/fr\/wp-json\/wp\/v2\/pages\/551","targetHints":{"allow":["GET"]}}],"collection":[{"href":"https:\/\/www.yiddishberlin.com\/fr\/wp-json\/wp\/v2\/pages"}],"about":[{"href":"https:\/\/www.yiddishberlin.com\/fr\/wp-json\/wp\/v2\/types\/page"}],"author":[{"embeddable":true,"href":"https:\/\/www.yiddishberlin.com\/fr\/wp-json\/wp\/v2\/users\/2"}],"replies":[{"embeddable":true,"href":"https:\/\/www.yiddishberlin.com\/fr\/wp-json\/wp\/v2\/comments?post=551"}],"version-history":[{"count":1,"href":"https:\/\/www.yiddishberlin.com\/fr\/wp-json\/wp\/v2\/pages\/551\/revisions"}],"predecessor-version":[{"id":552,"href":"https:\/\/www.yiddishberlin.com\/fr\/wp-json\/wp\/v2\/pages\/551\/revisions\/552"}],"wp:attachment":[{"href":"https:\/\/www.yiddishberlin.com\/fr\/wp-json\/wp\/v2\/media?parent=551"}],"curies":[{"name":"wp","href":"https:\/\/api.w.org\/{rel}","templated":true}]}}

Activités grand public 2019

<p class="has-background has-luminous-vivid-amber-background-color">Cette Université d&rsquo;été est déjà passée.</p>



<h2 class="wp-block-heading">Conférences</h2>



<p>FU-Berlin, Hörsaal A<br>Ihnestraße 21<br>14195 Berlin</p>



<ul class="wp-block-list"><li><strong>13/08</strong>, 15h45-16h45 :  Histoire du yiddish, par Alec (Leyzer) Burko | <strong>En anglais</strong> | renseignements et billetterie</li><li><strong>15/08</strong>, 16h00-17h00 : Le yiddish hassidique, langue du futur, par Alec (Leyzer) Burko | <strong>En yiddish</strong> | renseignements et billetterie</li><li><strong>21/08</strong>, 15h30-16h30 : Le concept de « culture » chez les artistes et les écrivains yiddish modernes, par Daria Vakhrushova | <strong>En yiddish</strong> | renseignements et billetterie</li><li><strong>22/08</strong>, 16h00-17h00 : Les motifs religieux dans la culture yiddish populaire, par Thomas Kleiner | <strong>En allemand</strong> | renseignements et billetterie</li><li><strong>26/08</strong>, 15h45-16h45 : Le yiddish de la Kabbale. Introduction à la poésie d’Aharon Zeitlin, par Nathan Wolski | <strong>En anglais </strong>| renseignements et billetterie</li><li><strong>29/08</strong>, 16h00-17h00 : Curiosités de la presse yiddish, par Reyze Turner | <strong>En yiddish</strong> | renseignements et billetterie</li></ul>



<h2 class="wp-block-heading">Concert</h2>



<p>Buchbund<br>Sanderstraße 8<br>12047 Berlin</p>



<p><strong>L’Errance dans le désert</strong>, avec Sharon Bar-Kochva, Cécile Neeser Hever et Reyze Turner</p>



<p><strong>18/08</strong>, <strong>24/08</strong>, <strong>25/08</strong>, 19:00-20:15<br>Adaptation filmique et musicale d’une nouvelle de Y. L. Peretz. Avec Sharon Bar-Kochva (conception, narration et film), Reyze Turner (composition chorale et chant) et Cécile Neeser Hever (composition musicale et harpe). | renseignements et billetterie</p>

<p>Cette Université d&rsquo;été est déjà passée. Conférences FU-Berlin, Hörsaal AIhnestraße 2114195 Berlin 13/08, 15h45-16h45 :  Histoire du yiddish, par Alec (Leyzer) Burko | En anglais | renseignements et billetterie 15/08, 16h00-17h00 : Le yiddish hassidique, langue du futur, par Alec (Leyzer) Burko | En yiddish | renseignements et billetterie 21/08, 15h30-16h30 : Le concept de « culture » chez les artistes et les écrivains yiddish &hellip; </p>
<p class="link-more"><a href="https://www.yiddishberlin.com/fr/activites-grand-public-2019/" class="more-link">Continuer la lecture<span class="screen-reader-text"> de &laquo;&nbsp;Activités grand public 2019&nbsp;&raquo;</span></a></p>
